6799898 a multiple of 43?
True
Is 688 a factor of 19643088?
True
Is 17 a factor of 13190369?
False
Does 2568 divide 59425765?
False
Is 998 a factor of 33321224?
True
Is 41143410 a multiple of 14?
True
Does 170 divide 63028350?
True
Is 935962236 a multiple of 18?
True
Is 259671234 a multiple of 205?
False
Does 70 divide 560711986?
False
Is 25 a factor of 5039679473?
False
Is 18 a factor of 68163588?
True
Is 12 a factor of 211925556?
True
Does 445 divide 30383710?
True
Is 283770741 a multiple of 14?
False
Is 11428073 a multiple of 60?
False
Is 815449801 a multiple of 1669?
False
Is 907223301 a multiple of 1121?
False
Is 258487989 a multiple of 200?
False
Does 149 divide 38482610?
False
Is 27925070 a multiple of 555?
False
Is 370 a factor of 56063405?
False
Is 29759122 a multiple of 167?
False
Is 27405775 a multiple of 75?
False
Does 310 divide 46490491?
False
Is 72644544 a multiple of 516?
True
Is 69 a factor of 52813428?
True
Is 177 a factor of 2061816714?
True
Does 760 divide 18802400?
True
Is 44 a factor of 95098300?
True
Is 41790609 a multiple of 192?
False
Is 17333316 a multiple of 2028?
True
Does 200 divide 645873400?
True
Does 14 divide 204952342?
True
Does 37 divide 410346614?
False
Does 96 divide 106639625?
False
Is 1463053900 a multiple of 805?
False
Does 23 divide 53190550?
False
Is 81567748 a multiple of 542?
True
Is 238 a factor of 5678583?
False
Is 32 a factor of 49068096?
True
Does 34 divide 8834288?
True
Is 63 a factor of 23090760?
True
Is 335314936 a multiple of 232?
True
Does 9930 divide 1548891330?
True
Is 299683 a multiple of 2592?
False
Is 65 a factor of 20252363?
False
Is 1523210 a multiple of 5?
True
Is 4162228 a multiple of 172?
True
Is 19 a factor of 144448703?
False
Does 102 divide 19359192?
True
Does 3 divide 33366918?
True
Is 95500174 a multiple of 23?
False
Is 2075366449 a multiple of 4189?
False
Is 48072698 a multiple of 9?
False
Is 424 a factor of 62855032?
True
Is 22 a factor of 49428867?
False
Is 15262275 a multiple of 12?
False
Is 44089859 a multiple of 25?
False
Is 17103702 a multiple of 11?
True
Is 365408340 a multiple of 60?
True
Is 4400543102 a multiple of 533?
False
Is 190 a factor of 1306398960?
True
Does 5 divide 464902?
False
Does 1750 divide 1236270?
False
Is 207290146 a multiple of 119?
True
Is 1597 a factor of 838959144?
False
Does 1081 divide 376929566?
True
Does 291 divide 71686104?
True
Does 52 divide 50037010?
False
Is 508 a factor of 135183372?
True
Is 51236269 a multiple of 2196?
False
Is 2675 a factor of 199131236?
False
Is 33 a factor of 129249840?
False
Is 10493717 a multiple of 13?
True
Is 19 a factor of 36203779?
False
Is 588438 a multiple of 3846?
True
Is 1453 a factor of 116732863?
False
Is 1637 a factor of 94684080?
True
Is 19365092 a multiple of 1604?
True
Is 324795627 a multiple of 13?
True
Does 2 divide 175823?
False
Is 42 a factor of 438658562?
False
Does 7 divide 3864776?
False
Is 17107440 a multiple of 21?
True
Is 15 a factor of 69812653?
False
Does 4624 divide 923107616?
True
Is 15618675 a multiple of 308?
False
Does 42 divide 39353542?
False
Is 3 a factor of 23044334?
False
Is 13337780 a multiple of 994?
False
Is 2670267 a multiple of 3?
True
Does 2319 divide 41475315?
True
Does 218 divide 1401248461?
False
Is 2123 a factor of 1157047738?
True
Is 46 a factor of 4088480?
True
Is 50182624 a multiple of 16?
True
Is 4757 a factor of 1164011877?
False
Does 1162 divide 47718692?
True
Is 130 a factor of 2612696101?
False
Is 9210404 a multiple of 497?
True
Is 50 a factor of 1208077650?
True
Does 71 divide 289117665?
False
Does 1343 divide 642673848?
True
Does 28 divide 147316454?
False
Does 14 divide 99983531?
False
Is 2522599 a multiple of 8?
False
Does 396 divide 20918260?
False
Is 2998623 a multiple of 12?
False
Does 388 divide 38856936?
False
Is 621747 a multiple of 21?
True
Is 4645 a factor of 514019681?
False
Is 284 a factor of 323485335?
False
Is 19 a factor of 109911371?
True
Does 7843 divide 634359834?
False
Is 13070214 a multiple of 57?
True
Is 78 a factor of 59436780?
True
Is 39 a factor of 1042808066?
False
Does 1917 divide 141535886?
False
Does 10746 divide 518548230?
True
Is 914 a factor of 20453093?
False
Does 201 divide 33315193?
False
Is 4233 a factor of 221785967?
False
Does 378 divide 414088798?
False
Is 84754029 a multiple of 369?
False
Is 182622499 a multiple of 3313?
True
Does 5 divide 303088712?
False
Does 85 divide 12601882?
False
Does 609 divide 16284564?
False
Is 45122835 a multiple of 3?
True
Is 3940825 a multiple of 25?
True
Does 155 divide 23587216?
False
Is 8 a factor of 65918740?
False
Is 136149995 a multiple of 5?
True
Is 971 a factor of 234903349?
True
Does 10 divide 218209650?
True
Is 59634696 a multiple of 132?
True
Is 40 a factor of 653541240?
True
Does 79 divide 33298157?
False
Is 2311 a factor of 147956788?
False
Is 99944840 a multiple of 20?
True
Does 693 divide 24470523?
True
Is 211452885 a multiple of 35?
True
Does 711 divide 2085271281?
True
Is 22516525 a multiple of 3063?
False
Is 70068507 a multiple of 669?
False
Is 2808950 a multiple of 21?
False
Does 156 divide 687975756?
True
Is 7 a factor of 776057436?
True
Does 736 divide 1056157792?
True
Is 90275943 a multiple of 14?
False
Is 105 a factor of 36593151?
False
Does 1294 divide 45189068?
True
Is 13 a factor of 1633138222?
False
Does 16 divide 189013488?
True
Is 559996048 a multiple of 68?
True
Is 293298048 a multiple of 752?
True
Is 271 a factor of 30784480?
False
Does 8 divide 24925408?
True
Is 6767 a factor of 708207152?
True
Is 3 a factor of 43616595?
True
Is 2580074007 a multiple of 4893?
True
Is 5990267 a multiple of 4?
False
Does 410 divide 22260799?
False
Is 880890978 a multiple of 93?
True
Is 2 a factor of 17516507?
False
Does 865 divide 1539652425?
True
Does 284 divide 39967935?
False
Does 293 divide 1685756?
False
Is 841351197 a multiple of 136?
False
Does 252 divide 47309472?
True
Is 135989004 a multiple of 157?
True
Does 57 divide 634453092?
True
Does 95 divide 1082740935?
True
Is 613684925 a multiple of 7175?
True
Is 750483037 a multiple of 426?
False
Is 14677415 a multiple of 5?
True
Is 602 a factor of 161555730?
True
Does 18 divide 2354705046?
True
Is 113492798 a multiple of 859?
True
Is 834 a factor of 18115260?
False
Is 197 a factor of 28389473?
True
Is 3629218 even?
True
Does 737 divide 153873131?
False
Is 50 a factor of 345809513?
False
Does 2551 divide 23339099?
True
Is 1232231372 a multiple of 160?
False
Is 43190505 a multiple of 116?
False
Is 238 a factor of 65107719?
False
Is 41267691 a multiple of 1512?
False
Is 245 a factor of 135185855?
True
Is 944984 a multiple of 42?
False
Does 742 divide 313860064?
True
Is 273991874 a multiple of 26?
True
Is 65 a factor of 21244275?
True
Is 5042340 a multiple of 3084?
True
Does 24 divide 41708236?
False
Does 151 divide 415281257?
True
Is 50 a factor of 31410939?
False
Is 8985387 a multiple of 1193?
False
Is 1404 a factor of 249200172?
True
Is 780371241 a multiple of 2847?
True
Does 144 divide 102729024?
True
Is 537 a factor of 2573304?
True
Is 92265800 a multiple of 1818?
False
Does 30 divide 332436861?
False
Does 2 divide 412214346?
True
Does 77 divide 41312254?
False
Is 21 a factor of 7717651?
False
Does 143 divide 388366566?
False
Does 694 divide 577367405?
False
Is 889 a factor of 6087719981?
True
Is 105815495 a multiple of 4?
False
Is 17 a factor of 762635667?
False
Is 119708095 even?
False
Is 15569605 a multiple of 10?
False
Is 4091435 a multiple of 9?
False
Does 1305 divide 18512730?
True
Does 9 divide 55261728?
True
Is 1087219389 a multiple of 1229?
False
Is 356626330 a multiple of 27?
False
Is 52 a factor of 96473639?
False
Is 3030772100 a multiple of 100?
True
Does 188 divide 275804556?
False
Is 12 a factor of 28682664?
True
Is 26138080 a multiple of 10?
True
Does 288 divide 18003308?
False
Is 1545362 a multiple of 7?
True
Is 15253246 a multiple of 20?
False
Is 21408972 a multiple of 31?
True
Is 51 a factor of 60488373?
False
Is 14 a factor of 474110?
True
Is 2308668435 a multiple of 200?
False
Does 41 divide 2147756341?
True
Is 25099917 a multiple of 43?
True
Is 62358842 a multiple of 7?
True
Does 1879 divide 104307048?
True
Is 380 a factor of 918532088?
False
Is 360 a factor of 83429640?
True
Does 6 divide 1375723